 -3*d. Let k be (-4 + -16)*1/(-4). Suppose 17*l - k*l = d. What is the greatest common factor of l and 78?
13
Let a(w) = 6*w**2 + 40*w - 80. Let c be a(-16). What is the highest common factor of c and 952?
136
Suppose 2*c - 28 = s - 2*c, -3*c - 209 = 5*s. Let j = s + 43. Suppose j*g = -4*a + 90 - 33, 5*a - 95 = g. What is the greatest common divisor of 18 and a?
18
Let k = 6339 + -5652. Calculate the greatest common factor of k and 9.
3
Let m be (1 - -1)*(15 - 290/20)*2. Calculate the highest common factor of 31 and m.
1
Let o = -1963 - -2138. What is the greatest common divisor of 1540 and o?
35
Suppose -4*s - 3*u + 139 = 0, -4*u + 6*u = -5*s + 172. Calculate the greatest common divisor of 14 and s.
2
Suppose 20*v = 19*v - 131. Let i = v - -140. Calculate the highest common divisor of 72 and i.
9
Suppose -3*f - 3*g = 333, 474 = -13*f + 9*f + 2*g. Let x = f - -149. Suppose 4*w = 5*w - 297. What is the greatest common divisor of x and w?
33
Let y = 74 + -2. Let a = -51 + y. Suppose -p + 3*z = -a, 2*p - 5*p = z - 63. Calculate the highest common factor of 6 and p.
3
Suppose 40*r - 48031 - 696 = -3207. What is the greatest common divisor of r and 6?
2
Suppose -273 + 1159 = 17*u - 899. What is the highest common divisor of 1120 and u?
35
Suppose -2*n = -u - 473, 0 = 104*n - 109*n + u + 1187. What is the greatest common divisor of n and 850?
34
Let y be (15 + -2 - 113)*-2. What is the greatest common factor of y and 475?
25
Suppose -23*m = -41 - 74. Let j be ((-9)/(-15)*m)/(6/110). What is the highest common divisor of 15 and j?
5
Suppose 17*g - 2*g = -405. Let o be (g/12)/((-84)/9856). Calculate the highest common factor of 33 and o.
33
Suppose 4*m - 11*c = 802, 0*m + 380 = 2*m + 5*c. Let k be (-1 - -10)*(-13)/(-1). Calculate the greatest common divisor of k and m.
39
Let g be (0 - 3 - -9)*60/18. Calculate the highest common divisor of g and 970.
10
Let g(h) = -h**3 - 7*h**2 + 10*h + 19. Let f be g(-8). Suppose -j - 41 = -f*y, -63 = -5*y - 4*j - 23. Calculate the greatest common factor of 6 and y.
6
Let b(i) = -i + 79. Let h be b(52). Suppose h*z - 12*z - 150 = 0. What is the highest common factor of z and 320?
10
Let d be (72/6 - -4)/((-2)/(-28)). Let j = -104 + d. What is the greatest common divisor of 192 and j?
24
Let d = 1 - 53. Let l = d - -70. Suppose -10*h - 20 = -20*h. Calculate the greatest common factor of l and h.
2
Let j = 322 + -319. Suppose 6*l + 236 = j*k + 2*l, -2*l = -k + 76. Calculate the highest common divisor of 132 and k.
12
Suppose 15*f - 2*q - 2204 = 13*f, 0 = -3*f + 4*q + 3308. What is the highest common divisor of 12 and f?
4
Let j(z) = -z**3 - 3*z**2 + 41*z + 158. Let c be j(-5). Calculate the greatest common factor of 447 and c.
3
Let p(j) = -2*j**3 - 14*j**2 - 6. Let n be p(-6). Let a = n + 575. What is the highest common divisor of a and 142?
71
Let o(w) = -w**2 + 13*w - 10. Let l = 83 + -78. Let x be o(l). Suppose -5*q = -p - 75, 3*q + 4*p - x = 38. Calculate the highest common factor of q and 24.
8
Let t(c) = -c**3 + 3*c**2 + 7*c - 9. Suppose u - 6*u = 10. Let i be (0 - 6/3)/((-1)/u). Let z be t(i). What is the greatest common divisor of 30 and z?
15
Suppose -481*v + 489*v - 768 = 0. Suppose -3*n = -w + v, -5*w + 4*n - 320 = -9*w. Let d be 26*1 - (4 + -6). Calculate the highest common factor of d and w.
28
Suppose 4*v = 5*i - 23, 4*i = -5*v + 3 - 1. Suppose i*u - 51 = -6. Let a be 39/4 + (-4)/(-16). What is the highest common divisor of u and a?
5
Let s = 96423 - 96407. Let u be (-4)/(-18) + (-19866)/(-27). What is the greatest common factor of s and u?
16
Let u be 266/3 - (-189)/(-162)*(-4)/(-7). Calculate the greatest common divisor of u and 7832.
88
Suppose -5*b + f + 738 = -949, -10*b - 2*f = -3366. Calculate the highest common factor of 6403 and b.
337
Let c(s) = -s**3 - 8*s**2 - 8*s - 6. Let z be c(-7). Let u(a) = -a**3 - 25*a**2 - 44*a + 49. Let b be u(-23). Calculate the greatest common factor of b and z.
1
Let n = 64 + -46. Let v be (144/14)/(16/56). Suppose 79*t - v = 76*t. What is the greatest common divisor of t and n?
6
Let s = -175 + 187. Suppose p + 2 = -u, -4*p - 3*u + u + 2 = 0. Let l be p*(-8)/12 + 14. Calculate the greatest common factor of l and s.
12
Suppose 4*s + 170 = -2*g + 460, 0 = 3*g + 3*s - 438. Let u = g - 25. What is the highest common divisor of u and 549?
61
Suppose 45 = -4*u - 139. Let c = u + 48. Suppose 5*l - h + 0*h = 355, -c*l + h = -145. Calculate the greatest common divisor of l and 28.
14
Let u = -140 + 145. Suppose -u*p = 2*a - 251, a - 3*p + 62 = 193. What is the highest common factor of 8 and a?
8
Suppose -17*q + 139 + 223 = -46. Calculate the greatest common factor of 3336 and q.
24
Suppose 0 = -13*k + 3*k + 370. Suppose 11*m - 672 = -k*m. Calculate the greatest common factor of 6 and m.
2
Let o = 30332 + -30269. Calculate the greatest common divisor of 2219 and o.
7
Suppose 3*b = -b + 2204. Suppose 2*o - 50 = 2*p, 53*o = 55*o - 5*p - 68. Calculate the greatest common factor of o and b.
19
Let p(z) = -5*z + 19. Let q be p(0). Suppose q*l + 323 = 2603. What is the greatest common factor of l and 300?
60
Let z be -3*1/1 - -5. Let n(o) = -17 + 6*o**2 + 0*o + 84*o**z + 19 - o. Let a be n(2). What is the highest common divisor of 40 and a?
40
Suppose -71*r - 42 = -74*r. Calculate the highest common divisor of r and 1442.
14
Suppose -17*u + 1231 + 197 = 0. What is the greatest common divisor of u and 1134?
42
Suppose 930 - 102 = 6*q. What is the greatest common factor of 6 and q?
6
Let f = 64 + -27. Let b = -353 + 860. Let u = -396 + b. What is the greatest common factor of f and u?
37
Let n(c) = -403*c**3 - c**2 + 30*c + 60. Let z be n(-2). Calculate the highest common divisor of 280 and z.
140
Let y(g) = 2*g**2 - 99*g + 13. Let j be y(-9). Calculate the highest common factor of j and 130.
26
Let y = 824 + -1856. Let p = y - -1043. What is the greatest common factor of 22 and p?
11
Suppose 189 - 173 = 8*u. Suppose 3*a - 4*n + u = 0, -5*a + 4*a = 2*n - 6. Calculate the highest common factor of 2 and a.
2
Let s be (-17)/68 + (-1)/(4/(-1849)). Suppose 0 = 79*b - 84*b + 105. Calculate the highest common factor of s and b.
21
Let x = -99 + 125. Let t be 1 + 30/2 - (-20 + x). Suppose 3*f - 4*f - 4*q = -90, -260 = -4*f + 4*q. What is the highest common factor of t and f?
10
Let i = 13364 - 8585. Suppose -i = -18*u + 1521. Calculate the greatest common divisor of u and 42.
14
Let o(v) = v**3 + 57*v**2 - 15*v - 237. Let m be o(-48). What is the highest common factor of 66 and m?
33
Suppose 0 = -4*d - q - 20 + 15, 2*d + 4*q + 20 = 0. Suppose d = -62*f + 75*f - 351. Calculate the greatest common divisor of 24 and f.
3
Let t = 204 + -169. Suppose -3*g = -2*g - 5*y - 155, g + 4*y = 128. What is the greatest common factor of g and t?
35
Let t be 33/(-99) - (-766)/(-6). Let j be (-4112)/t + 1/(-8). Calculate the greatest common divisor of 72 and j.
8
Let l = -530 - -245. Let i = -265 - l. What is the greatest common factor of 20 and i?
20
Let c = 321 - 356. Let f be (30/c)/(0 + (-1)/35). Calculate the greatest common factor of 870 and f.
30
Let c(o) = 3*o + 300. Let h be c(0). Suppose 331*k - 576 = 315*k. What is the highest common factor of k and h?
12
Let t = -5057 + 5249. Calculate the greatest common factor of 54 and t.
6
Suppose 2*h + 44 = -2*h + 3*t, -4*h - 76 = 5*t. Let q = h + 18. Let c be (-5)/(((-10)/q)/5). What is the highest common factor of c and 80?
10
Suppose -4*u = -i - 9*u - 7, -3*i = 3*u - 39. Let q be 2 + (-1*(-125)/(-1) - -3). Let h be q/i*(-1 + 39/(-15)). What is the greatest common factor of 32 and h?
8
Let o = 210 - 213. Let f be (4/o*3 + 5)*325. Calculate the highest common divisor of 13 and f.
13
Let v(y) = 13*y**2 - 15*y + 11. Let f(q) = -q - 4. Let s be f(-5). Let r be v(s). Let h = -50 - -194. Calculate the highest common factor of r and h.
9
Let f(o) = -6*o - 36. Let j be f(-5). Let r(i) = i + 7. Let m be r(j). Let u be ((-2)/(-2 + -2))/(m/414). What is the greatest common factor of 23 and u?
23
Let d be (2/1)/((-2)/(-264)*12). What is the highest common factor of 3498 and d?
22
Let s(a) = 10*a + 233. Let x be s(-23). Calculate the highest common divisor of x and 56.
1
Let l(m) be the second derivative of m**3/3 + 23*m**2/2 + 2*m + 4. Let f be l(-9). What is 